{"id":1348,"date":"2016-02-12T08:13:22","date_gmt":"2016-02-12T08:13:22","guid":{"rendered":"http:\/\/demos.famethemes.com\/onepress\/?page_id=25"},"modified":"2025-04-22T23:36:05","modified_gmt":"2025-04-22T21:36:05","slug":"mitgliedwerden","status":"publish","type":"page","link":"https:\/\/tourismuspankow.berlin\/index.php\/mitgliedwerden\/","title":{"rendered":"Vereinsmitglied werden"},"content":{"rendered":"\n<h3 class=\"wp-block-heading\">Interesse an einer Mitgliedschaft?<\/h3>\n\n\n\n<p>Alle in Berlin ans\u00e4ssigen Unternehmen, Organisationen und Einzelpersonen sind herzlich eingeladen, sich als Mitglied im Tourismusverein Berlin-Pankow e.V. einzubringen. <\/p>\n\n\n\n<p>Mehr zur <a href=\"https:\/\/tourismuspankow.berlin\/index.php\/satzung-und-beitragsordnung\/\" data-type=\"link\" data-id=\"https:\/\/tourismuspankow.berlin\/index.php\/satzung-und-beitragsordnung\/\">Satzung und Beitragsordnung<\/a> <\/p>\n\n\n\n<p>Beantragen Sie Ihre Mitgliedschaft bitte mit der Zusendung des ausgef\u00fcllten folgenden Beitrittsformulars an an den Vereinssitz: Tourismusverein Berlin-Pankow e.V., Fr\u00f6belstra\u00dfe 17 Haus 6, 10405 Berlin.<\/p>\n\n\n\n<p>oder an Email: vorstand (at) tourismuspankow.berlin<\/p>\n\n\n\n<p><a href=\"https:\/\/tourismuspankow.berlin\/wp-content\/uploads\/2025\/04\/Beitrittserklaerung-2025-TVBP.pdf\">https:\/\/tourismuspankow.berlin\/wp-content\/uploads\/2025\/04\/Beitrittserklaerung-2025-TVBP.pdf<\/a><\/p>\n\n\n\n<hr class=\"wp-block-separator has-alpha-channel-opacity\"\/>\n\n\n\n<h2 class=\"wp-block-heading\">Eindr\u00fccke der Vereinsarbeit<\/h2>\n\n\n\n<figure class=\"wp-block-gallery has-nested-images columns-default is-cropped wp-block-gallery-1 is-layout-flex wp-block-gallery-is-layout-flex\">\n<figure class=\"wp-block-image size-large\"><img loading=\"lazy\" decoding=\"async\" width=\"1024\" height=\"768\" data-id=\"2801\" src=\"https:\/\/tourismuspankow.berlin\/wp-content\/uploads\/2023\/01\/IMG_5770-1024x768.jpeg\" alt=\"\" class=\"wp-image-2801\" srcset=\"https:\/\/tourismuspankow.berlin\/wp-content\/uploads\/2023\/01\/IMG_5770-1024x768.jpeg 1024w, https:\/\/tourismuspankow.berlin\/wp-content\/uploads\/2023\/01\/IMG_5770-300x225.jpeg 300w, https:\/\/tourismuspankow.berlin\/wp-content\/uploads\/2023\/01\/IMG_5770-768x576.jpeg 768w, https:\/\/tourismuspankow.berlin\/wp-content\/uploads\/2023\/01\/IMG_5770-1536x1152.jpeg 1536w, https:\/\/tourismuspankow.berlin\/wp-content\/uploads\/2023\/01\/IMG_5770-2048x1536.jpeg 2048w\" sizes=\"auto, (max-width: 1024px) 100vw, 1024px\" \/><figcaption class=\"wp-element-caption\">Ideenschmiede 2022<\/figcaption><\/figure>\n\n\n\n<figure class=\"wp-block-image size-large\"><img loading=\"lazy\" decoding=\"async\" width=\"640\" height=\"480\" data-id=\"2808\" src=\"https:\/\/tourismuspankow.berlin\/wp-content\/uploads\/2023\/01\/MV151221_3.jpg\" alt=\"\" class=\"wp-image-2808\" srcset=\"https:\/\/tourismuspankow.berlin\/wp-content\/uploads\/2023\/01\/MV151221_3.jpg 640w, https:\/\/tourismuspankow.berlin\/wp-content\/uploads\/2023\/01\/MV151221_3-300x225.jpg 300w\" sizes=\"auto, (max-width: 640px) 100vw, 640px\" \/><figcaption class=\"wp-element-caption\">Mitgliederversammlung 2021<\/figcaption><\/figure>\n\n\n\n<figure class=\"wp-block-image size-large\"><img loading=\"lazy\" decoding=\"async\" width=\"1024\" height=\"768\" data-id=\"2799\" src=\"https:\/\/tourismuspankow.berlin\/wp-content\/uploads\/2023\/01\/ideenschmiede3-21-1024x768.jpg\" alt=\"\" class=\"wp-image-2799\" srcset=\"https:\/\/tourismuspankow.berlin\/wp-content\/uploads\/2023\/01\/ideenschmiede3-21-1024x768.jpg 1024w, https:\/\/tourismuspankow.berlin\/wp-content\/uploads\/2023\/01\/ideenschmiede3-21-300x225.jpg 300w, https:\/\/tourismuspankow.berlin\/wp-content\/uploads\/2023\/01\/ideenschmiede3-21-768x576.jpg 768w, https:\/\/tourismuspankow.berlin\/wp-content\/uploads\/2023\/01\/ideenschmiede3-21-1536x1152.jpg 1536w, https:\/\/tourismuspankow.berlin\/wp-content\/uploads\/2023\/01\/ideenschmiede3-21-2048x1536.jpg 2048w\" sizes=\"auto, (max-width: 1024px) 100vw, 1024px\" \/><figcaption class=\"wp-element-caption\">Ideenschmiede 2022<\/figcaption><\/figure>\n\n\n\n<figure class=\"wp-block-image size-large\"><img loading=\"lazy\" decoding=\"async\" width=\"1024\" height=\"768\" data-id=\"1793\" src=\"https:\/\/tourismuspankow.berlin\/wp-content\/uploads\/2018\/07\/P1050642-1024x768.jpg\" alt=\"TourismusstammtischTourismusstammtisch im Botanischen Volkspark Pankow-Blankenfelde \u00a9 tic\" class=\"wp-image-1793\" srcset=\"https:\/\/tourismuspankow.berlin\/wp-content\/uploads\/2018\/07\/P1050642-1024x768.jpg 1024w, https:\/\/tourismuspankow.berlin\/wp-content\/uploads\/2018\/07\/P1050642-300x225.jpg 300w, https:\/\/tourismuspankow.berlin\/wp-content\/uploads\/2018\/07\/P1050642-768x576.jpg 768w, https:\/\/tourismuspankow.berlin\/wp-content\/uploads\/2018\/07\/P1050642.jpg 2048w\" sizes=\"auto, (max-width: 1024px) 100vw, 1024px\" \/><figcaption class=\"wp-element-caption\">TourismusstammtischTourismusstammtisch im Botanischen Volkspark Pankow-Blankenfelde. \u00a9 tic<\/figcaption><\/figure>\n\n\n\n<figure class=\"wp-block-image size-large\"><img loading=\"lazy\" decoding=\"async\" width=\"1024\" height=\"768\" data-id=\"1670\" src=\"https:\/\/tourismuspankow.berlin\/wp-content\/uploads\/2018\/03\/Pankow_ProjektgruppeTourismus_8Januar_BA_Pankow-1024x768.jpg\" alt=\"\" class=\"wp-image-1670\" srcset=\"https:\/\/tourismuspankow.berlin\/wp-content\/uploads\/2018\/03\/Pankow_ProjektgruppeTourismus_8Januar_BA_Pankow-1024x768.jpg 1024w, https:\/\/tourismuspankow.berlin\/wp-content\/uploads\/2018\/03\/Pankow_ProjektgruppeTourismus_8Januar_BA_Pankow-300x225.jpg 300w, https:\/\/tourismuspankow.berlin\/wp-content\/uploads\/2018\/03\/Pankow_ProjektgruppeTourismus_8Januar_BA_Pankow-768x576.jpg 768w\" sizes=\"auto, (max-width: 1024px) 100vw, 1024px\" \/><figcaption class=\"wp-element-caption\">Gruppenbild der Projektgruppe Tourismus<\/figcaption><\/figure>\n\n\n\n<figure class=\"wp-block-image size-large\"><img loading=\"lazy\" decoding=\"async\" width=\"1024\" height=\"768\" data-id=\"1675\" src=\"https:\/\/tourismuspankow.berlin\/wp-content\/uploads\/2018\/03\/NJE_2014_Stefanie-Gronau-1024x768.jpg\" alt=\"\" class=\"wp-image-1675\" srcset=\"https:\/\/tourismuspankow.berlin\/wp-content\/uploads\/2018\/03\/NJE_2014_Stefanie-Gronau-1024x768.jpg 1024w, https:\/\/tourismuspankow.berlin\/wp-content\/uploads\/2018\/03\/NJE_2014_Stefanie-Gronau-300x225.jpg 300w, https:\/\/tourismuspankow.berlin\/wp-content\/uploads\/2018\/03\/NJE_2014_Stefanie-Gronau-768x576.jpg 768w, https:\/\/tourismuspankow.berlin\/wp-content\/uploads\/2018\/03\/NJE_2014_Stefanie-Gronau.jpg 2048w\" sizes=\"auto, (max-width: 1024px) 100vw, 1024px\" \/><figcaption class=\"wp-element-caption\">Der Regierende B\u00fcrgermeister von Berlin, Michael M\u00fcller neim Neujahrsempfang 2015 der Pankower Vereine &#8211; organisiert von unserem Verein<\/figcaption><\/figure>\n\n\n\n<figure class=\"wp-block-image size-large\"><img loading=\"lazy\" decoding=\"async\" width=\"1024\" height=\"768\" data-id=\"1873\" src=\"https:\/\/tourismuspankow.berlin\/wp-content\/uploads\/2018\/07\/P1020095-1024x768.jpg\" alt=\"\" class=\"wp-image-1873\" srcset=\"https:\/\/tourismuspankow.berlin\/wp-content\/uploads\/2018\/07\/P1020095-1024x768.jpg 1024w, https:\/\/tourismuspankow.berlin\/wp-content\/uploads\/2018\/07\/P1020095-300x225.jpg 300w, https:\/\/tourismuspankow.berlin\/wp-content\/uploads\/2018\/07\/P1020095-768x576.jpg 768w\" sizes=\"auto, (max-width: 1024px) 100vw, 1024px\" \/><figcaption class=\"wp-element-caption\">Tourismusstammtisch mit Burkhard Kieker (Gesch\u00e4ftsf\u00fchrer visit Berlin!) und Bezirksb\u00fcrgermeister K\u00f6hne im Soda Salon \u00a9 tic<\/figcaption><\/figure>\n\n\n\n<figure class=\"wp-block-image size-large\"><img loading=\"lazy\" decoding=\"async\" width=\"1024\" height=\"768\" data-id=\"1902\" src=\"https:\/\/tourismuspankow.berlin\/wp-content\/uploads\/2018\/08\/P1040365-1024x768.jpg\" alt=\"\" class=\"wp-image-1902\" srcset=\"https:\/\/tourismuspankow.berlin\/wp-content\/uploads\/2018\/08\/P1040365-1024x768.jpg 1024w, https:\/\/tourismuspankow.berlin\/wp-content\/uploads\/2018\/08\/P1040365-300x225.jpg 300w, https:\/\/tourismuspankow.berlin\/wp-content\/uploads\/2018\/08\/P1040365-768x576.jpg 768w, https:\/\/tourismuspankow.berlin\/wp-content\/uploads\/2018\/08\/P1040365.jpg 2048w\" sizes=\"auto, (max-width: 1024px) 100vw, 1024px\" \/><figcaption class=\"wp-element-caption\">Tourismusstammtisch im Schloss Sch\u00f6nhausen \u00a9 tic<\/figcaption><\/figure>\n\n\n\n<figure class=\"wp-block-image size-large\"><img loading=\"lazy\" decoding=\"async\" width=\"1024\" height=\"681\" data-id=\"1907\" src=\"https:\/\/tourismuspankow.berlin\/wp-content\/uploads\/2018\/08\/empfang_pankower_vereine_24022012_076-1024x681.jpg\" alt=\"\" class=\"wp-image-1907\" srcset=\"https:\/\/tourismuspankow.berlin\/wp-content\/uploads\/2018\/08\/empfang_pankower_vereine_24022012_076-1024x681.jpg 1024w, https:\/\/tourismuspankow.berlin\/wp-content\/uploads\/2018\/08\/empfang_pankower_vereine_24022012_076-300x199.jpg 300w, https:\/\/tourismuspankow.berlin\/wp-content\/uploads\/2018\/08\/empfang_pankower_vereine_24022012_076-768x511.jpg 768w, https:\/\/tourismuspankow.berlin\/wp-content\/uploads\/2018\/08\/empfang_pankower_vereine_24022012_076-600x400.jpg 600w, https:\/\/tourismuspankow.berlin\/wp-content\/uploads\/2018\/08\/empfang_pankower_vereine_24022012_076-272x182.jpg 272w\" sizes=\"auto, (max-width: 1024px) 100vw, 1024px\" \/><figcaption class=\"wp-element-caption\">Neujahrsempfang der Pankower Vereine im Rathaus Pankow \u00a9 tic<\/figcaption><\/figure>\n\n\n\n<figure class=\"wp-block-image size-large\"><img loading=\"lazy\" decoding=\"async\" width=\"1024\" height=\"768\" data-id=\"2026\" src=\"https:\/\/tourismuspankow.berlin\/wp-content\/uploads\/2019\/01\/Francesco_Passera_Tourismus_Stammtisch_03-1024x768.jpg\" alt=\"Teilnehmerrunde derAuftaktveranstaltung in der WABE\" class=\"wp-image-2026\" srcset=\"https:\/\/tourismuspankow.berlin\/wp-content\/uploads\/2019\/01\/Francesco_Passera_Tourismus_Stammtisch_03-1024x768.jpg 1024w, https:\/\/tourismuspankow.berlin\/wp-content\/uploads\/2019\/01\/Francesco_Passera_Tourismus_Stammtisch_03-300x225.jpg 300w, https:\/\/tourismuspankow.berlin\/wp-content\/uploads\/2019\/01\/Francesco_Passera_Tourismus_Stammtisch_03-768x576.jpg 768w\" sizes=\"auto, (max-width: 1024px) 100vw, 1024px\" \/><figcaption class=\"wp-element-caption\">Auftaktveranstaltung Tourismuskonzept Pankow in der WABE Berlin \u00a9 tic \/ Francesco Passera<\/figcaption><\/figure>\n<\/figure>\n","protected":false},"excerpt":{"rendered":"<p>Wer an der gemeinsamen Tourismusentwicklung in der Region mitwirken will, ist herzlich bei uns willkommen.<\/p>\n","protected":false},"author":1,"featured_media":0,"parent":0,"menu_order":0,"comment_status":"closed","ping_status":"closed","template":"","meta":{"footnotes":""},"class_list":["post-1348","page","type-page","status-publish","hentry"],"_links":{"self":[{"href":"https:\/\/tourismuspankow.berlin\/index.php\/wp-json\/wp\/v2\/pages\/1348","targetHints":{"allow":["GET"]}}],"collection":[{"href":"https:\/\/tourismuspankow.berlin\/index.php\/wp-json\/wp\/v2\/pages"}],"about":[{"href":"https:\/\/tourismuspankow.berlin\/index.php\/wp-json\/wp\/v2\/types\/page"}],"author":[{"embeddable":true,"href":"https:\/\/tourismuspankow.berlin\/index.php\/wp-json\/wp\/v2\/users\/1"}],"replies":[{"embeddable":true,"href":"https:\/\/tourismuspankow.berlin\/index.php\/wp-json\/wp\/v2\/comments?post=1348"}],"version-history":[{"count":21,"href":"https:\/\/tourismuspankow.berlin\/index.php\/wp-json\/wp\/v2\/pages\/1348\/revisions"}],"predecessor-version":[{"id":3337,"href":"https:\/\/tourismuspankow.berlin\/index.php\/wp-json\/wp\/v2\/pages\/1348\/revisions\/3337"}],"wp:attachment":[{"href":"https:\/\/tourismuspankow.berlin\/index.php\/wp-json\/wp\/v2\/media?parent=1348"}],"curies":[{"name":"wp","href":"https:\/\/api.w.org\/{rel}","templated":true}]}}